ine p(o).
1
Let o be -1 - (1/(-1) - 4). Let k = -2 + o. Let f(j) be the third derivative of j**4/12 - 3*j**2. What is f(k)?
4
Let f(n) = -5268 + 5268 - n. Let y(v) = v**3 + v**2 - 1. Let z be y(-2). Calculate f(z).
5
Let y(p) = -2*p**3 + p**2. Let b be (2 - (-2 - -2)) + -3. Let w be y(b). Suppose -w*l - 4 = -5*l. Let t(a) = a + 2. What is t(l)?
4
Let x(y) be the second derivative of y**4/12 + 4*y**3/3 + 7*y**2/2 - 27*y. Calculate x(-5).
-8
Let l(i) = -i**2 - 6*i - 4. Let o(y) = 4*y**2 - 7*y - 5*y**2 - 3 + y. Let z(a) = -3*l(a) + 4*o(a). What is z(-5)?
5
Suppose -3*s = 8 + 1. Let u(k) = k**3 - 5*k - 2. What is u(s)?
-14
Let k(n) = n - 7. Let j(c) = -c - 1. Let w(a) = 3*j(a) - k(a). Calculate w(4).
-12
Let x(j) = -j - 18. Let u(d) = -d - 16. Let o(y) = -6*u(y) + 5*x(y). Give o(-4).
2
Let l(g) = 2*g**2 - 3*g + 4. Suppose -3*u - u = 0. Suppose 5*k = -3*x - x + 22, u = 3*x - 3*k - 3. Calculate l(x).
13
Let h = 10 + -8. Let k(q) = -2 + q**2 - 7*q**h + 4*q**2. Determine k(2).
-10
Let j(n) = -7*n**3 + n - n - n**2 + 0*n**2. Determine j(-1).
6
Let j = 9 - 9. Let t(r) = -r**3 - r**2 - r + 6. Let s be t(j). Let w(g) = -g**2 + 4*g + 7. Give w(s).
-5
Let b(x) = -x - 19. Let n be b(-14). Let i(w) = -w**2 - 6*w - 6. What is i(n)?
-1
Let j(a) = 8*a - 19*a + 3 + 6*a. Calculate j(2).
-7
Let z(v) = -v + 3. Suppose -13 = -4*g - 1. Suppose -3*x = -6*x - f + 6, 2*x = -f + g. What is z(x)?
0
Let p(d) = 2*d**2 + d**3 + 4*d**2 + 2*d**2 - 5*d - 4*d**2. Give p(-5).
0
Let c(i) = -i**2 + 8*i + 1. Suppose 2*q - 8 = q. Determine c(q).
1
Let m(z) = -7*z**3 + 14*z**2 + 2. Let g(l) = -l**3 + l**2 + 1. Let y(q) = -6*g(q) + m(q). Determine y(8).
-4
Let v(h) be the third derivative of -2*h**2 - 1/6*h**3 - 5/12*h**4 + 0 + 0*h. Determine v(-1).
9
Let l(a) be the third derivative of 1/6*a**3 + 1/60*a**5 + 0*a**4 + 3*a**2 + 0*a + 0. Let x be (-8)/28 + (-8)/(-28). Give l(x).
1
Let j be 3/(0 + 3) - -12. Let z = j - 12. Let k(q) = -3*q - 1. Give k(z).
-4
Let f(r) be the first derivative of -r**3/3 + 7*r**2/2 - r + 10. Give f(8).
-9
Let d be 0 + 9 + 3 + 0. Suppose -d = -3*m + 2*m + 2*a, 3*a = -5*m - 5. Let k(c) = c**2 - 5*c**2 + 0 - 2*c + m + 3*c**2. Calculate k(2).
-6
Let i(j) be the first derivative of j**4/6 - 7*j**3/6 + 2*j**2 + 5*j - 1. Let b(u) be the first derivative of i(u). Give b(4).
8
Let r(q) = -q**2 + 3*q + 3. Suppose 2 = 2*u - 2. Suppose 10 = 2*a + 5*f, 0 = -u*a - 4*f + 7 + 3. Determine r(a).
-7
Let r(w) be the first derivative of w**3/3 - 2*w**2 - 7*w + 23. What is r(5)?
-2
Suppose -t - 11 = -10. Let s(p) = 4*p**2 - 1. Determine s(t).
3
Let g be (-30)/40 + (-3)/(-4). Let h(p) = p**2 + p + 12. What is h(g)?
12
Suppose 5*z = 2*b - 21, -3*b - 3 + 12 = 0. Let n(h) = -h + 4. Calculate n(z).
7
Suppose 0*v - 5*v = 0. Suppose v = 3*w - 2*j - 2, -3*j + 19 = 5*w - 4*w. Let k(t) = -5*t + 2*t**2 + 5*t**2 - 2*t**2 - 4*t**2 - 2. Determine k(w).
-6
Let n(m) = -m**2 + 4*m + 4. Let a(v) = -4*v + 5. Let r be a(0). What is n(r)?
-1
Let p be 4/(-14) - (-84)/(-49). Let b(m) = -6*m - 1. Determine b(p).
11
Suppose j - 4 = -0. Suppose 0 = z - j*z + 6. Let x(a) = 2*a**3 - a**2 - a - 1. Calculate x(z).
9
Let w(t) = 5*t + 2. Let l = 33 + -36. What is w(l)?
-13
Let t be 40/8 + 0 + -4 + 2. Suppose -2*z = 5*u - 20, 2*z - 2*u - 4 = u. Let i(r) = r + 0 - z*r - 1 + t*r. Give i(2).
-3
Let d(t) = -2*t**2 + 1. Suppose -2*k - 3*a - 7 = 0, a + 3 = -0. Determine d(k).
-1
Let t(d) = -3*d - 51 + 51. Give t(2).
-6
Let p(a) be the third derivative of -a**4/8 - 7*a**3/6 + 13*a**2. Calculate p(-6).
11
Let l = 44 + -45. Let v(w) = -15*w**3. Determine v(l).
15
Let p(w) = -w**2 + 11*w - 8. Let r be p(10). Let g(f) be the third derivative of 0*f + f**2 + 0 + 1/6*f**4 - 1/3*f**3. What is g(r)?
6
Suppose n - 10 = -n. Let a(c) = 3*c**2 - 5*c**2 + c - n*c**2 + 0*c**2. Let m be 0 - (1 - 3 - -1). What is a(m)?
-6
Let n(w) = -w**2 + w + 1. Let x(m) = 5*m**2 - 11*m + 1. Let u(l) = -4*n(l) - x(l). Calculate u(5).
5
Let t(a) = -a**2 + 8*a - 5. Let l(w) = 2*w**2 - 15*w + 9. Let o(k) = -3*l(k) - 5*t(k). Determine o(4).
2
Let w(k) = k + 2. Let u(p) = p - 6. Let v be u(-6). Let n be (v/(-4) - 1) + 5. Give w(n).
9
Let q(u) = 7*u**2 + 19*u + 5. Let x be 255/34*4/(-6). Let k(s) = 4*s**2 + 10*s + 2. Let i(l) = x*k(l) + 3*q(l). What is i(-6)?
-1
Let a be ((-21)/(-14))/((-3)/(-6)). Let x(f) = 5*f + 0*f + f - 7 + a. Determine x(3).
14
Let j = -2 + 2. Let d = 0 - j. Let o(i) = 3 - 6 + d*i + i. Give o(3).
0
Let f be (-2)/(-3) - 174/(-54)*-3. Let s(z) = z**2 + 9*z - 6. Calculate s(f).
-6
Let y(p) = p**2 - 5*p + 1. Let x be y(6). Let k(d) = x*d + 2 - d - 2*d + d**2. Suppose 5 - 3 = -t. Give k(t).
-2
Let o(m) = 3*m - 9. Let x be o(0). Let n(r) = r**2 + 8*r - 7. Give n(x).
2
Let k(y) = -y**3 + 3*y**2 - y. Suppose -2*o = -20 - 2. Let a = o - 8. Give k(a).
-3
Let t(m) = -3*m + 5 - 3 - 1. Let w = 146 - 144. Give t(w).
-5
Suppose -5*q + 16 = -2*s, -5*q + 6 = -14. Suppose 5*h - 2*r = 4*h, -3*r = 9. Let w(a) = 3*a + 3. Let z(f) = -3*f - 2. Let v(i) = h*z(i) - 5*w(i). What is v(s)?
3
Let x(v) = -2*v - 2 - 3 + 1 + 3*v**2. What is x(3)?
17
Let q(v) = -v**2 + v - 4. Suppose -5 + 2 = -y. Determine q(y).
-10
Let n(b) = b**3 + b + 4. Let o(q) be the second derivative of -q**5/20 + q**4/12 - q**3/6 - 3*q**2/2 - 2*q. Let a(z) = 3*n(z) + 4*o(z). What is a(4)?
-4
Let m = -8 + 6. Let v(d) = d + 2. Let c be v(m). Let u(x) = x - 2. Calculate u(c).
-2
Let c(x) be the first derivative of x**3/3 - x**2 - 11. What is c(4)?
8
Let l = 5 + 1. Suppose l = 3*r - r. Let v be (-1 - -1)/(r - 0). Let b(g) = g + 3. What is b(v)?
3
Let u = -11 - -11. Let p(t) = -4*t + 0*t - t + u + 1. What is p(-1)?
6
Suppose -5*i = -3*i. Let l(b) = -3*b**2 - 10*b + 21. Let r(q) = q**2 + 3*q - 7. Let k(t) = -2*l(t) - 7*r(t). What is k(i)?
7
Let z(a) = a**3 + a**2 + 1. Let m(c) = 2*c**3 + c**2 + 4*c + 3. Let p(r) = m(r) - 3*z(r). What is p(-4)?
16
Let d be 25/4 - 12/(-16). Let h be d + (0 - 1) + -1. Let b(l) = -l**3 + 5*l**2 + 3. What is b(h)?
3
Let t(o) be the third derivative of -o**4/6 + 7*o**3/6 - 13*o**2. Give t(5).
-13
Let u(f) = -7*f**3 + 5*f + 4. Let k(c) = c + 1. Let p = 6 - 10. Let r(z) = p*k(z) + u(z). Calculate r(1).
-6
Let p(w) = w**3 + 4*w**2 + 2*w + 1. Suppose -5*g + 27 = -8. Suppose q + g = -q + t, -2*q = -5*t + 19. Give p(q).
5
Let d(i) = -i + 4. Let k(s) = -2*s**3 + 4*s**2 - s - 1. Let f be k(2). Calculate d(f).
7
Let y(g) be the second derivative of -g**4/12 - 4*g**3/3 - 3*g**2 - 5*g. Let a be 1*(-1 + 1 + -5). Give y(a).
9
Let z(g) = 7*g**3 + g**2 + 8*g + 8. Let u(p) = -6*p**3 - 7*p - 7. Let f be 16/6*21/4. Let o = -8 + f. Let k(s) = o*u(s) + 5*z(s). Calculate k(3).
10
Let m(y) be the third derivative of -y**6/120 + y**5/10 - y**4/4 - 2*y**3/3 - 23*y**2. Suppose w + 3*w - 20 = 0. Give m(w).
-9
Let p(u) be the second derivative of -u**4/12 + 7*u**3/6 - 5*u**2/2 + 3*u. Calculate p(5).
5
Suppose 0 = 2*x + 4*g + 14, -4 = 2*x - 3*g - 18. Let l(p) = -p + 1. What is l(x)?
0
Let n = -1 - -1. Let a be -1*(1 + 0 + -3). Let l(g) = 0*g + 0*g**a - g**2 + 4*g**3 - 3*g**3 - 7 + g. What is l(n)?
-7
Let i(z) = -z**2 - z + 2. Let p(v) = v**3 - 2*v**2 - 2. Let d be p(2). Calculate i(d).
0
Let s be ((-2)/(-48))/(4/8). Let v(h) be the second derivative of 0 + 3*h + 2/3*h**3 + 0*h**2 + s*h**4. Determine v(-4).
0
Let j(o) = -o**2 - o + 1. Suppose -4*v + 0*i - 6 = -2*i, 0 = -v - 4*i + 21. Let a(x) = 5*x**2 + 7*x - 8. Let p(y) = v*a(y) + 4*j(y). Give p(-3).
-4
Let x(k) = 9 + 2*k**2 - 2 - 2*k**2 + 8*k + k**2. What is x(-5)?
-8
Let q(b) be the second derivative of 2*b + 0 + 1/6*b**3 + 1/2*b**2. Give q(-5).
-4
Suppose 0 = -2*v + 4*v, -2*v - 10 = -5*m. Let g(i) = i + 4 + m*i + 2 - 2*i. Suppose -5 = -5*c, 0*s - 3*s = 4*c + 11. Calculate g(s).
1
Let m(c) be the second derivative of -c**3/6 - 11*c**2/2 + c. Determine m(0).
-11
Let s(w) = w**3 + 6*w**2 - 4. Suppose -7*v + 9*v = -10. Determine s(v).
21
Let p(y) = y - 3*y - 5 - y + 2*y. Determine p(5).
-10
Suppose -31 = -4*y - 5*s + 5, 0 = -3*y - 2*s + 20. Suppose -15 = -3*k + y*k. Let z be 12*(k/6 - -2). Let p(t) = -t - 7. Determine p(z).
-1
Suppose 18 = 3*a + 3. Let g(i) = i + 1. Calculate g(a).
6
Let o(i) = i**2 - 11*i + 3. Let p be 15/(-4)*(-2)/6*8. Give o(p).
-7
Let x(u) be the first derivative of -u**3/3 + 3*u**2 - 3*u - 1. Suppose -3*c - 2*d + 7 = 0, d 